-4))*4/5. Suppose 0*h + s = -2*h + 4*c, h = -3*c + 23. Suppose 0 = h*b - 319 - 121. Is b a prime number?
False
Let h(o) = o - 46. Let p be h(0). Let z = 122 - 123. Is (z - (-1 + p)) + 1 prime?
True
Let k(q) = 201*q + 10. Suppose 10*v = 3*v + 56. Is k(v) a prime number?
False
Let g be -2832 + -1 + 39 + -39. Let o = g + 3984. Is o composite?
False
Let m(o) = 3*o**2 + 14*o - 4*o**2 + 3 - 27*o. Let l be m(-10). Is 2 + 0 + l/((-1)/(-1)) a prime number?
False
Suppose -20*a + 16*a = -p - 337, -3*a + p + 254 = 0. Suppose 93*q - 44710 = a*q. Is q a composite number?
True
Let z(b) = -2*b**2 - 16*b + 22. Let y be z(-10). Let m be (-5)/((-4)/y + 588/(-216)). Is 7134/4 - m*3/12 prime?
True
Let h(b) = 5772*b**3 - 2*b**2 + 27*b - 77. Is h(4) a prime number?
True
Suppose 0 = -6*b + b + 475. Let i be (-2 + 0)*b/(-2). Let y = i - -198. Is y prime?
True
Let t = -10111 - -82296. Is t a composite number?
True
Suppose -177*h - 121*h + 10483342 = 0. Is h a composite number?
True
Suppose -167 = -26*l - 37. Suppose 13*z - 11*z - l*r - 853 = 0, 4*r - 407 = -z. Is z a prime number?
True
Suppose 4*q - 1355148 = 2*g, -2*g = q - 6*g - 338801. Is q prime?
False
Let w(h) = 133*h**2 - 32*h + 106. Is w(27) a prime number?
True
Let m(f) = -4*f + 17. Let v be m(5). Let y(b) = 191*b. Let l be y(v). Is (l/(-12) - 3)*(-2 + 6) a composite number?
False
Let x(k) be the first derivative of -29*k**4/4 - 7*k**3 + 2*k**2 - 7*k - 16. Is x(-12) a prime number?
False
Let q(m) = -2*m**3 + 29*m**2 - 15*m + 13. Suppose 126*y = 121*y + 70. Let g be q(y). Is 8 - -525 - (g + -1) composite?
True
Suppose -3*y + 3*a = 2*y - 30, 0 = 3*y + 4*a + 11. Suppose -7*b - 3*m = -6*b - 2, -2*b - y*m = -4. Is 4 - (-1394)/(4 - b) prime?
True
Let k = 234380 - 165943. Is k prime?
True
Let j(z) = 40*z - 15*z + 26*z + 13. Let c be j(12). Suppose -124 = 2*q - x - c, 4*q + x - 1017 = 0. Is q composite?
True
Let x(r) = 2*r**3 - 58*r**2 - 75*r - 114. Is x(49) a composite number?
False
Let d(r) = r**3 - 2*r**2 - 2*r - 9. Let f be d(9). Let s = 143 + f. Is s a prime number?
True
Suppose -5*o - 2*z = -87421, -5*z = -o - 0*o + 17468. Suppose -2*w + 20*t + 7010 = 16*t, -4*t = 5*w - o. Is w a composite number?
False
Let a = 84 + -84. Suppose 6*s - 4*s = a. Suppose s = -0*p - 2*p + 764. Is p a composite number?
True
Let o(f) = 67*f - 300. Let z be o(5). Suppose 0 = -z*u + 1264114 - 430659. Is u a prime number?
True
Let a be 29/(-2)*(3 + -37). Let k be 6/(-12)*((1 - 1) + 4). Is (a/k)/(9/(-18)) a composite number?
True
Let m = 386 - 169. Let w be (1 - 2/4)*206. Suppose 0 = -3*r + 4*d + m + 157, -r = 3*d - w. Is r composite?
True
Is -1*(309371/2)/((-41)/82) a prime number?
True
Suppose 0 = 2*z + m - 9, 5*z - 24*m + 29*m = 10. Suppose 460565 = z*a - 0*a. Is a a composite number?
True
Let h = 39161 - 18310. Is h prime?
False
Suppose -3*p - 6 = 4*y, -5*p + 27 - 11 = -2*y. Is (-3)/p*24/36*-9769 composite?
False
Let j(f) = 6298*f**2 + 7*f + 8. Let d be (-117)/52 + (-1)/(-4) + 1. Is j(d) a composite number?
False
Is ((6 - (-161)/(-21)) + 1)/((-4)/559722) prime?
True
Let c(m) = 1843*m**2 + 99*m + 519. Is c(-5) a prime number?
True
Suppose 3*o = -q + 49, 0*q + 2*o = q - 54. Let u = -50 + q. Is u/(2*4/9484) prime?
True
Let v(u) = 114*u**2 + 3*u + 1. Let j be v(-2). Suppose -60*i + 340 = 8*i. Suppose -i*p + j = -0*f - 2*f, -p = -2*f - 95. Is p a composite number?
False
Suppose 29*r - 45 = 38*r. Let z(h) = -36*h + 2. Let j be z(-4). Is (j - -2)*r/(20/(-23)) a prime number?
False
Suppose -6*k + 318464 = -4*k - s, 5*k = 4*s + 796157. Is k a prime number?
True
Let g(v) be the second derivative of 3*v**4 + 2*v**3/3 + 3*v**2/2 - 63*v. Is g(14) composite?
True
Let r = -152517 + 1329148. Is r a prime number?
True
Suppose 3 - 25 = 2*r. Let f = 15 + r. Is f + -4 + 477 + 4 composite?
True
Let z = -42 - -47. Let d(w) = 143*w + 57. Let a be d(z). Let s = a - 323. Is s a composite number?
False
Let s(k) = -k**3 + 4*k**2 + 13*k - 3. Let j be s(6). Let q(t) = 27*t**2 - 3*t**2 - j*t - 3 - 2*t**2. Is q(2) composite?
False
Is (-11 + 11 + 1)*15040395/9 a prime number?
False
Suppose -2*n + 2*p = -12, 2*n = -2*n - 2*p + 12. Let a be 11471/n - (-1 + 15/20). Is (1/(-3))/(14338/a + -5) prime?
False
Let j = -15205 + 40082. Is j composite?
False
Let w(z) = -4550*z - 201. Is w(-11) prime?
False
Let z(u) = -3224*u + 1691. Is z(-42) a composite number?
True
Let t(q) = -45*q**3 + 17*q**2 - 27*q - 63. Is t(-8) composite?
False
Suppose w + 3 = -4*s - 3, -4*w + 12 = 4*s. Let y(l) = 30*l**3 + 7*l**2 + 19*l - 85. Is y(w) a prime number?
True
Is 339321 + (-26 - -14) + 32 a prime number?
True
Suppose 0 = 6*o - 4734 - 0. Let t = o - -470. Is t prime?
True
Let k = -104023 - -177416. Is k a prime number?
False
Let s = 1319331 - 836374. Is s a composite number?
False
Let a = -103 + 103. Suppose a = -h, -h + 7728 = 3*i - 729. Is i a composite number?
False
Suppose 8*s - 2328 - 392 = 0. Let i = -201 + s. Let o = i + -96. Is o a prime number?
True
Let h(i) = i**3 - 9*i**2 - 6*i - 15. Let m be h(13). Let z = m - 142. Let a = z + 52. Is a a prime number?
False
Let k(t) = -935*t**3 - 81*t**2 - 462*t - 7. Is k(-6) a prime number?
True
Suppose 0 = 3*c - 4*p - 324, 0*p = -c - p + 108. Let g = -92 + c. Is ((-724)/g)/(1 + (-15)/12) composite?
False
Let y(z) = -12502*z**2 + z - 5. Let x(j) = -12504*j**2 + j - 6. Let s(q) = 3*x(q) - 4*y(q). Is s(1) composite?
False
Suppose 19795187 - 2030547 = 82*w - 54726722. Is w prime?
False
Is ((-6)/(-4))/((-648)/(-66100752)) a composite number?
True
Suppose -2*h - 5 = -7*h, 2*f + 2*h + 2508 = 0. Let c = f - -2240. Is c composite?
True
Suppose -2*d + 29*u + 59542 = 27*u, 0 = 3*d + 12*u - 89313. Is d prime?
False
Let t(o) = 3857*o**2 - 4*o + 4. Let m be t(2). Let x = m + -10335. Is x composite?
True
Let t be 6*(4 - 35/10). Let n(x) = -3*x**2 - 2 - 779*x**3 + t + 1. Is n(-1) a prime number?
False
Let x be ((-74)/(-8))/(1*6/552). Suppose 4*g = 5*i + 4748, -3*i + x + 336 = g. Is g prime?
True
Let d be 0/(6/4*8/(-12)). Suppose 0 = 2*q - 5*h - 2739, -3*q + d*h + 4131 = -3*h. Is q composite?
True
Let y(k) = 3*k**3 - 2*k**2 - 6*k + 24. Let z(g) = g**3 - 7*g**2 + g + 4. Let i be z(7). Is y(i) a prime number?
True
Let v(j) = -2540*j + 1521. Is v(-26) a composite number?
True
Let r = 21 - -36. Let z = -53 + r. Is (z - (-4 + 2))/(8/716) a composite number?
True
Let y be -2*(-20)/16*22*-1. Is 3610 + (y - 1)/7 a prime number?
False
Let h = 121113 - 53434. Is h a prime number?
True
Suppose -15 = -3*w, -460*l + 459*l = 5*w - 7208. Is l composite?
True
Is (44440 + 1)*(15 + -6)/9 prime?
False
Suppose -2*r + 0 = 2. Let s(m) = -67*m - 2. Let v be s(r). Suppose -5*n + 4*u + v = u, 0 = 3*n + 3*u - 15. Is n a prime number?
False
Suppose -2*l + 1 + 1 = 0, l + 47 = -4*o. Let t(v) = v**2 + 14*v + 26. Let c be t(o). Suppose -6 = 2*h, 5*h = c*i - 6*i + 581. Is i prime?
True
Suppose -30*z + 32*z - 75858 = 2*m, -z = -2*m - 37937. Is z composite?
True
Suppose 4*t = -5*f + 8, 0 = -3*t + 4*t - 3*f - 19. Suppose 0 = t*c - 3091 + 732. Is c a composite number?
False
Let j = 399203 + -190684. Is j composite?
False
Suppose 3*a + 7 = 1, -2*k + 3*a + 28500 = 0. Suppose k = -16*i + 25*i. Is i a prime number?
True
Let h(l) = l**2 + 6*l - 7. Let r be h(2). Suppose -5*d + r - 94 = 0. Let v = 5 - d. Is v prime?
False
Let l(n) = -854*n - 1093. Is l(-19) a composite number?
True
Let g = -36 + 37. Suppose i = -3*o + g, -3*o - 3 = -0*o. Suppose -1745 - 27 = -i*p. Is p composite?
False
Let x = -388582 + 561497. Is x a prime number?
False
Suppose 159*u - 158*u = 45806. Suppose 46273 = 9*k - u. Is k a prime number?
False
Suppose 2*b + 4*k + 48564 = 4*b, -4*b + 4*k + 97112 = 0. Suppose -5*p = 8459 - b. Is p prime?
True
Suppose -p + 4*f = 227915 - 1254616, -3*p = 3*f - 3080223. Is p composite?
False
Let a(z) = z - 2960. Let w be a(0). Let l = w - -5071. Is l composite?
False
Let a(t) be the third derivative of t**5/60 - t**4/4 + 5*t**3/3 + 5*t**2. Let c be a(5). Let k(b) = b**3 - 3*b**2 - 3*b + 12. Is k(c) prime?
True
Let t(q) = 3*q**2 + 7*q + 5. Let j(h) = -3*h**2 - 6*h - 5. Let d(l) = -5*j(l) - 4*t(l). Let v be d(-3). Let i = v + -11. Is i a composite number?
True
Suppose -11 = -4*a - 3. Suppose a*w - 12 + 8 = 0. Suppose 5*b - 4*f = 967, 3*b = w*f + 2*f + 585. Is b a composite number?
False
Let x(h) = 